/(-5) + 5/(-1).
10
Let l be (-2 + 0)/((-8)/132). Suppose -3*j + l = -0*j. What is the remainder when 0*(-2)/(-4) + 5 + 16 is divided by j?
10
What is the remainder when (-52)/338 + (-1003)/(-13) is divided by 9?
5
Suppose -3*p = -5*w + 83, 3*w + 3*p - 31 = 2*w. Let v = 2739 + -2645. What is the remainder when v is divided by w?
18
Suppose -5*h + 1300 = 20*h. What is the remainder when 362 is divided by h?
50
Suppose -2*h + 0*d = 5*d - 188, h = 4*d + 68. Calculate the remainder when h is divided by 17.
16
Suppose 12 = -2*s + 18. Suppose -3*j = -j - 2*i - 40, s*j = i + 64. Calculate the remainder when j is divided by 12.
10
Suppose 10 = -5*g - 4*l - 3, 0 = 5*g - l + 3. Let q = 10 - g. Let u(z) = z**3 + 5*z**2 - 3*z + 5. Calculate the remainder when u(-5) is divided by q.
9
Let w(t) = 10*t**2 - 117*t - 358. Let o(q) = q**3 - q**2 + 4*q - 2. Calculate the remainder when w(-3) is divided by o(3).
27
Calculate the remainder when -1 - (-28 - (2 + -1)) is divided by (-396)/(-24)*(-24)/(-36).
6
Let x = -284 + 352. What is the remainder when x is divided by 42?
26
Suppose -q = 3*p - 65, 5*p - 3*p - 34 = -3*q. Suppose -2*c - 5*h + p = 0, -2*h + 44 - 18 = 2*c. What is the remainder when 50 is divided by c?
8
Let u(w) = 2*w - 20. Let t(h) = -3*h - 1. Let a be t(2). Let o(s) = s**3 + 7*s**2 - s + 6. What is the remainder when o(a) is divided by u(12)?
1
Let m be (-1176)/(-45) - 6/45. Suppose -3*o + 46 = -m. Calculate the remainder when ((-81)/(-36))/(1/o) is divided by 19.
16
Let q = 855 - 822. Suppose 0 = -5*f + 39 + 6. What is the remainder when q is divided by f?
6
Let r be 170/8 - (-9)/(-36). Let z = r - 12. Calculate the remainder when 26 is divided by z.
8
Suppose -t - d = t - 171, 3*t - d = 269. Calculate the remainder when t is divided by 14.
4
Suppose 126*u = 890 + 496. Calculate the remainder when (-26)/10*4*-5 is divided by u.
8
Let r = 259 - 182. Let m(j) = -21*j**3 - j**2 - j - 1. What is the remainder when r is divided by m(-1)?
17
Let f(h) = -4*h + 80. Let m be ((-16)/(-2) + -2)/(5/(-15)). Calculate the remainder when f(m) is divided by 31.
28
Suppose 3*c - 4 = -2*i, c - 4*c = 3*i. Suppose -3*m + 12 = 0, f = c*f + 2*m - 23. What is the remainder when 12 is divided by f?
2
Suppose -11*j = -43*j + 1984. What is the remainder when 743 is divided by j?
61
Let j(z) = z - 15. Let a be ((-16)/(-3))/(2/6). Calculate the remainder when 5 is divided by j(a).
0
Suppose 5*o = 5*h - 1800, -5*o = -158*h + 155*h + 1074. What is the remainder when h is divided by 28?
27
Suppose 2*y - 5*y + 3*b + 648 = 0, 5*y - 3*b - 1082 = 0. Let o be (1846/(-65))/(1/5). Let l = o + y. Calculate the remainder when l is divided by 19.
18
Suppose 0 = -5*a + 9*a - 844. Suppose -2*d = -5*d. Suppose -7*t + 188 + a = d. What is the remainder when t is divided by 15?
12
Let v(l) = -234*l**3 + l**2 + l - 3. Let j be v(1). What is the remainder when ((-36)/45)/(2/j - 0) is divided by 24?
22
Suppose -78*p + 3094 = -65*p. Calculate the remainder when p is divided by 16.
14
Let w(l) = 56*l**2 - 4*l - 1. Let b(n) = -14*n**2 + n. Let q(s) = -9*b(s) - 2*w(s). Calculate the remainder when 28 is divided by q(1).
13
Let t(x) = 40*x - 202. What is the remainder when t(7) is divided by 1?
0
What is the remainder when (1 + 262)*-1*-1 is divided by 66?
65
Suppose 0 = -y - 0*y + 5. Let a be (1 - 7)*y/(-2). Let r(p) = -p**3 + 16*p**2 - 12*p - 4. Calculate the remainder when r(a) is divided by 22.
19
Suppose 9*q + 10 = 14*q. What is the remainder when 194 is divided by (q + 8/(-3))/((-10)/585)?
38
Suppose 4*n - 21 = 3*p, n + 5*p = 3*n - 21. Suppose 12 = 2*x + y, 13*x + 20 = 14*x - 3*y. What is the remainder when x is divided by n?
2
Let s = -21 + 16. Calculate the remainder when (-1)/1 - s - (-126 - -30) is divided by 26.
22
Suppose -2427 - 510 = -11*i. What is the remainder when i is divided by 27?
24
Let k = 229 + -391. Let t = -83 - k. What is the remainder when t is divided by 41?
38
Let q = -44 + 74. Let m = 493 - 216. Suppose -4*l = 3*f - m, 2*l = 2*f - f - 79. What is the remainder when f is divided by q?
27
Let c = 999 + -811. Calculate the remainder when c is divided by 7.
6
What is the remainder when (-4 - (-142 + 3)) + (10 - 7) is divided by 53?
32
Suppose 0 = -65*j + 9851 - 101. What is the remainder when j is divided by 14?
10
Let x(b) = 131*b - 697. Calculate the remainder when x(6) is divided by 5.
4
Suppose 24 = 2*r + 5*q, -4*r + 36 = -r - 2*q. Suppose -5*i - 33 = r. What is the remainder when 13 is divided by -2 - i/(9/10)?
5
Let h(c) be the first derivative of -3*c**2 + 21*c + 34. What is the remainder when h(0) is divided by 5?
1
Suppose -5*d + 16 = 2*n - d, 87 = 4*n - 3*d. What is the remainder when 105 is divided by n?
15
Let h(l) be the first derivative of -9*l**4/4 + l**2/2 + 2. Suppose -5*o - v = -60, -4*o - 4*v = -7*o + 59. What is the remainder when o is divided by h(-1)?
5
Suppose 4*p + 14*n - 269 = 19*n, -63 = -p - 3*n. What is the remainder when 208 is divided by p?
10
Let v be 15/(-1*3/39). Let u = -139 - v. What is the remainder when u is divided by 20?
16
Suppose -8*p - 1 = -7*p. What is the remainder when 4 is divided by -6 - -1 - (p + -7)?
1
Suppose -2 = j + 2*l - 33, 4*l = -j + 23. Calculate the remainder when 110 is divided by j.
32
Let s = -7 - -9. Let o(c) = -c**3 + 52 - 23 - 25 - 5*c**s - 3*c. What is the remainder when o(-5) is divided by 7?
5
What is the remainder when 3/(7 - 6114/876) is divided by 4?
2
Let s(z) = -z**2 - 6*z + 4. Suppose 296 = m + m. What is the remainder when -4 - m/(-4) - 0 is divided by s(-5)?
6
Suppose 0 = -4*n + 13*n - 603. Calculate the remainder when n is divided by 23.
21
Suppose -5*x + 14 = 2*x. Let m(r) = -r**3 + 52. Let s be m(0). Suppose -2*w + s = x*z, 9*z = 4*w + 4*z - 86. Calculate the remainder when w is divided by 13.
11
Suppose s = 15*s - 266. What is the remainder when 2 + -1 - (-69 + -2) is divided by s?
15
Let o(d) = -d + 11. Let f be o(9). Suppose -5*s = m + 3, f*s = -2*m + m - 3. Let j(x) = x**3 + x**2 + x + 4. Calculate the remainder when 13 is divided by j(s).
1
Suppose 2*v + i = 58, 3*v - 5*i + 101 = 6*v. Let c = 240 + -225. What is the remainder when v is divided by c?
12
Suppose -4*q = -3*n + 41, -2*n + 3*q = -2*q - 18. Calculate the remainder when 113 is divided by n.
18
Let c(f) = -2*f**3 + 3*f**2 - 3. Let y(r) = -3*r**3 + 4*r**2 + r - 2. Let n(t) = 4*c(t) - 3*y(t). What is the remainder when n(4) is divided by 24?
22
Suppose -4*a - 4*a + 200 = 0. Calculate the remainder when 274 is divided by a.
24
Suppose r - 7 = -2*g, -2*r = 5*g - 10 - 6. Suppose -150 = 2*c + r*c. Let t = -8 - c. What is the remainder when t is divided by 5?
2
Suppose 0 = 5*p + 3024 - 494. What is the remainder when 8/(-56) + p/(-14) is divided by 10?
6
Let x(z) = -z**2 - 9*z + 2. Let f be x(-9). Let u be f - 1 - (-3 + 0). Suppose u*b = b + 33. What is the remainder when 20 is divided by b?
9
Let g = 8 + 3. Let b be (-3 - -9) + 0 + -4. Suppose -5*x = -b*x - 18. What is the remainder when g is divided by x?
5
Suppose -5*v = -r - 24, v + 2*r - 8 = -r. Suppose 5*w + 4*x = 115, 121 = v*w + 5*x + 1. Calculate the remainder when 54 is divided by w.
16
Let a(s) = -s**2 + 7*s - 5. Let p(d) = -d**2 + 15*d - 10. Let y(g) = -5*a(g) + 2*p(g). Suppose 14 = 4*n - 3*n. What is the remainder when y(6) is divided by n?
13
Let n(i) = 2*i**2 - 3*i + 2. What is the remainder when (-14484)/(-663) + 3/(117/6) is divided by n(2)?
2
Let i = -14 + 26. Let u = -225 + 294. What is the remainder when u is divided by i?
9
Calculate the remainder when 76 is divided by 0 + 0 - (-304)/19.
12
Let u = -82 - -350. Calculate the remainder when u is divided by 16.
12
Let j(m) = m**2 - m + 2. Let g be j(-2). Let z(v) be the first derivative of v**3/3 - 7*v**2/2 + 10*v - 1. Calculate the remainder when 52 is divided by z(g).
16
Let z(y) = -2*y - 65*y**2 - 3*y**3 - 2 + 2*y**3 + 61*y**2. Suppose -2*r - p = 4*p - 49, 3*r = -3*p + 60. Calculate the remainder when r is divided by z(-4).
5
Let p(s) = -s**3 - 30*s**2 - 30*s + 83. Calculate the remainder when p(-29) is divided by 38.
36
Let h(w) = w**3 + 13*w**2 - 28*w - 118. What is the remainder when 304 is divided by h(-14)?
70
Suppose 5*v - 4 + 12 = -3*h, 3*h = -3*v. Suppose m = -h*m + 90. Suppose -39*g + 272 = -31*g. What is th